p + 50 - 24 = 0. What is the units digit of y(p)?
8
Let l = 724 - 409. What is the tens digit of l?
1
Let p = -47 - -229. What is the units digit of p?
2
Suppose 2 = 3*f + 2*f - 2*o, -5*o = 4*f - 28. Suppose 2*i = -f + 32. What is the tens digit of i?
1
Let x(v) = -v**3 + 4*v**2 - 3*v + 4. Let p be x(3). Let i be p + 0 + (-10 - -9). Suppose 0 = -i*y + 65 - 14. What is the tens digit of y?
1
Let f(l) be the first derivative of l**2 + 9*l + 4. Let m be f(-6). Let a(x) = -3*x + 3. What is the units digit of a(m)?
2
Let b = 255 - 246. What is the units digit of b?
9
Suppose 968 = -7*o + 5644. What is the tens digit of o?
6
Suppose -3*r - 23 = 46. Let q = -203 - r. What is the units digit of (q/27)/(1/(-3))?
0
Let m be 16/2 + (2 - -1). What is the tens digit of (12/(-33))/2 + 706/m?
6
Suppose -3*i - 252 = -3*u - 24, u + 224 = -3*i. Let j = i - -141. What is the tens digit of j?
6
Suppose -4*d - g = 4*g - 252, -2*g = 0. Let b be (22/3)/(14/d). What is the tens digit of 517/b + 2/6?
1
Let l = -764 - -1943. What is the thousands digit of l?
1
Suppose -106 = -3*y + 1367. Suppose 8*i - 205 - y = 0. What is the units digit of i?
7
Let w = 1180 - 190. What is the units digit of w?
0
What is the hundreds digit of (256/8)/(1074/214 - 5)?
7
Suppose 34 = 15*d - 56. Suppose 11*g = d*g + 435. What is the tens digit of g?
8
Suppose 3*n - 15 = -0. Suppose 0 = -4*w - d + 121, -w = -n*w + 5*d + 115. Let p = 47 - w. What is the tens digit of p?
1
Let c(p) = 49*p**3 + 3*p**2 - p - 4. What is the units digit of c(2)?
8
What is the hundreds digit of (-1 + -4 - 4) + 2033?
0
Let q(i) = -i**3 + 9*i**2 - 24*i + 13. Let f(x) = -x**3 + 8*x**2 - 23*x + 13. Let d(k) = -3*f(k) + 4*q(k). What is the units digit of d(9)?
3
Let a = -17 + 18. Let z be (1 - -2 - a) + -2. Suppose -7 = -i - z*i. What is the units digit of i?
7
Let t(f) = 3*f**2 + 9*f - 12. Let z be t(10). Suppose 0*c + z = 7*c. What is the units digit of c?
4
Suppose -5*d + 5058 = 3*i + 218, -2*i = -d + 968. What is the units digit of d?
8
Let n = 49 - 40. Let a = 54 - n. What is the tens digit of a?
4
Let x = 54 + -59. Let o(m) = 6*m**2 + 4*m + 6. What is the tens digit of o(x)?
3
Let g = 840 + -434. What is the units digit of g?
6
Let n be 5/5*16*1. Let o = 17 - n. Suppose -16 = -f - o. What is the tens digit of f?
1
Let r(x) = -x**2 + x + 9. Let c be r(0). Suppose -c*b + 2*b + 714 = 0. What is the hundreds digit of b?
1
Suppose -54 = 2*t - 4*l + 6*l, 2*l + 106 = -4*t. Let j = 14 - t. Suppose -j - 92 = -3*a. What is the units digit of a?
4
What is the hundreds digit of -5*116*114/(-12)?
5
Suppose -2*v = -3*n + 70, -2*n = 2*n - 2*v - 94. Let h = 44 - n. What is the units digit of (16/(-20))/((-2)/h)?
8
Suppose -4*f + 3 = -3*f. Let y(g) = 3*g - 2*g - 5*g**2 + f*g**2 + 11*g**3. What is the tens digit of y(1)?
1
Suppose -3*d - 18 - 42 = -3*v, 94 = -5*d + 3*v. Suppose -w + 6*w + 75 = 0. Let i = w - d. What is the units digit of i?
2
Let v(k) = -k**3 - 4*k**2 + 2*k + k**2 + 6 - 2*k**2 - 5*k. Let t be (2/(-4))/(1/10). What is the units digit of v(t)?
1
Let q(o) = o**3 + 5*o**2 - o - 3. Let s be q(-4). Suppose -2*l - 19 - s = 0. What is the units digit of 21*(-3)/l*2?
7
Suppose 0*w + 2*o = -4*w + 778, 3*w - 3*o = 606. Let k = -119 + w. What is the units digit of k?
8
Let r(v) = v + 22. Let w be r(-16). Suppose 3*l + 234 = w*l. What is the units digit of l?
8
Suppose 5*p = 2*b - 6, 2*p + 14 = 4*b + 2. Suppose 172 = b*u - 227. What is the tens digit of u?
3
Let d be 4/8 + (-70)/(-4). Let b be (6/d)/(2/(-42)). What is the units digit of (-1 + 0)*(-36 + b)?
3
Let d = -32 - -32. Suppose r - 3*u + 5*u - 78 = d, -u = 1. What is the units digit of r?
0
Let o = 860 - 487. What is the units digit of o?
3
Let x(b) be the second derivative of b**5/20 - 11*b**4/12 + 2*b**3 - 11*b**2/2 + 6*b. Let w be x(10). Suppose -w*g + 4*g + 105 = 0. What is the tens digit of g?
2
Let u(r) = -7*r**3 + 10*r**2 + 6*r - 13. Let w(t) = -3*t**3 + 5*t**2 + 3*t - 6. Let y(o) = -2*u(o) + 5*w(o). What is the units digit of y(5)?
1
Let l(r) = r + 26. Let q be l(-11). Suppose 3*i + 3*c = q, 1 = 2*i - i + 5*c. What is the units digit of 4/(-2*(-2)/i)?
6
Suppose 4*a + 7 = 31. Suppose a*s - 3*s = 102. What is the tens digit of s?
3
Let s be 4/(-10) + (-6)/10. Let q = -25 - s. Let h = q - -55. What is the units digit of h?
1
Let d = -10696 + 16469. What is the units digit of d?
3
Suppose -2*v + 3492 = 2*f, -26 = v - 23. What is the thousands digit of f?
1
Let a(y) = 2*y - y + 8*y**2 - y. Let n be 2 - (-2 + 4 - 1). What is the units digit of a(n)?
8
What is the thousands digit of (891/(-108))/(((-15)/1644)/5)?
4
Let v be (-32)/(-56)*(-7)/2. Let s be 1 + 6 + v - 3. Suppose 2*r = -4, -p + s*r = 3*r - 32. What is the tens digit of p?
3
Suppose 0 = -5*s + 3*u - 0 + 18, 4*s = u + 20. What is the units digit of s/36 - 94/(-12)?
8
Let a = -36 + 47. Suppose -6*c + a*c = 160. What is the units digit of c?
2
Let k(z) = -4*z - 60. Let x be k(-18). Suppose 4*f - x*f = -1264. What is the tens digit of f?
5
Suppose -3*y + 6 = -72. Let u = y + -3. What is the units digit of u?
3
Let m(t) = t**3 - 10*t**2 + 13*t - 11. Let f be m(9). What is the units digit of 45/f + (-1)/(-5)?
2
Let j(b) = 2*b + 6. Let w be j(6). Let z = 111 - w. Let n = z + -64. What is the units digit of n?
9
Let f be (-6)/(-16) - (-4506)/16. Let t = f - 91. What is the units digit of t?
1
Let c(f) = f**2 - 3*f + 5. Let o be c(2). Let x(u) = -12*u - 1. Let a(b) = -23*b - 1. Let p(y) = o*a(y) - 5*x(y). What is the units digit of p(-1)?
1
Let a = -2016 - -2969. What is the hundreds digit of a?
9
Let r(s) = s**3 + 37*s**2 + 39*s - 85. What is the hundreds digit of r(-35)?
0
Suppose 198*f + 7134 = 204*f. What is the hundreds digit of f?
1
Suppose -o = -3*g - 3253, g + 6960 = 4*o - 6085. What is the units digit of o?
2
Let p(y) = -y**3 + 13*y**2 - 11*y - 10. Let f be p(12). Suppose 0 = 3*d + 3*v - f*v - 4, 5*v = 4*d - 37. Suppose 0 = g - 6 + d. What is the units digit of g?
3
Suppose -4*m + 4*r = 244, -3*m + 5*r - 109 - 64 = 0. Let c be (18/(-15))/(21/700) - 1. Let b = c - m. What is the tens digit of b?
2
Let w(y) = y**3 + 13*y**2 + 10*y - 10. Let f be w(-12). Suppose -b = 4*g + f, 5*b - 3*b = 4. What is the tens digit of g/(16/(-30))*4?
3
What is the tens digit of (-30)/(-70) - 19235/(-35)?
5
What is the tens digit of (17/(68/(-1880)))/(-2)?
3
Let r = -38 - -58. Suppose -u = -3*k + r, -5*k = -4*u - 42 - 45. Let p = 62 + u. What is the units digit of p?
9
Suppose v - 10 = -5. Suppose v*q + 2*p = 590 + 135, 3*q - 434 = -p. What is the units digit of q?
3
Let n(o) = o**3 + 10*o**2 - 14*o. Let g be n(-11). Suppose -4*a = -3*j - a - g, 0 = 2*j + 3*a + 12. Let q = -6 - j. What is the units digit of q?
3
Suppose -5*y - 1416 = -2*h, 21*y + 3511 = 5*h + 23*y. What is the tens digit of h?
0
Suppose -31056 = -6*y - 18*y. What is the tens digit of y?
9
Let p be ((-72)/(-20))/(2/290). Let v = p + -361. What is the hundreds digit of v?
1
Let r = 20 + -17. Let x(w) = -4*w - 4. Let t be x(r). What is the tens digit of t/(-32) + 50/4?
1
Let b = 6 - 14. What is the units digit of (-2)/3*1044/b?
7
Let d = -1014 + 2553. What is the thousands digit of d?
1
Suppose 3*h - 6*h = 21. Let l(f) = f**2 + 8*f + 5. Let k be l(h). What is the units digit of 12 - -4 - (1 - k)?
3
Suppose 0 = -q + 2*n - 148 + 1167, 3*n = 5*q - 5109. What is the units digit of q?
3
Let a(z) = z**2 + 16*z + 11. Let k be a(-15). What is the units digit of (-2)/k - (-50)/4?
3
Let y be (-66)/(-10) - 2/(-5). Let m = y - 2. What is the units digit of 48/m - 12/(-30)?
0
Let t be (-6)/(-2) + (-5)/(-10)*-18. Let p(f) = -f**3 - 2*f**2 - 7*f - 14. What is the hundreds digit of p(t)?
1
Let c(v) = v**3 + 22*v**2 - 75*v + 59. What is the hundreds digit of c(13)?
9
Let p(x) = -2*x**2 + 18*x + 1. Let l be p(8). Let b(s) = -s**2 + 29*s - 25. What is the tens digit of b(l)?
7
Let d be (-3)/(-2) + (-72)/(-16). Suppose 0 = 3*c - 21 - d. Let t(g) = -g**3 + 9*g**2 + g + 10. What is the tens digit of t(c)?
1
Let b be 0/(-4 - (-3 - 0)). Suppose -24 = 4*u - b. Let c(y) = -y**2 - 10*y - 2. What is the units digit of c(u)?
2
What is the tens digit of (-6)/(-7)*(9 + 50/10)?
1
Let d(a) = a**3 - 16*a**2 - 3*a - 29. Let p be d(13). Let n = p + 844. What is the hundreds digit of n?
2
Suppose -